{"id":459,"date":"2024-01-03T23:06:49","date_gmt":"2024-01-03T23:06:49","guid":{"rendered":"https:\/\/paianderson.com.br\/site\/?page_id=459"},"modified":"2024-12-11T22:42:43","modified_gmt":"2024-12-11T22:42:43","slug":"pai-anderson","status":"publish","type":"page","link":"https:\/\/paianderson.com.br\/site\/pai-anderson\/","title":{"rendered":"Pai Anderson"},"content":{"rendered":"\t\t<div data-elementor-type=\"wp-page\" data-elementor-id=\"459\" class=\"elementor elementor-459\" data-elementor-post-type=\"page\">\n\t\t\t\t<div class=\"elementor-element elementor-element-783b432 e-flex e-con-boxed e-con e-parent\" data-id=\"783b432\" data-element_type=\"container\" data-settings=\"{&quot;background_background&quot;:&quot;classic&quot;,&quot;sticky&quot;:&quot;top&quot;,&quot;sticky_on&quot;:[&quot;desktop&quot;,&quot;tablet&quot;,&quot;mobile&quot;],&quot;sticky_offset&quot;:0,&quot;sticky_effects_offset&quot;:0}\">\n\t\t\t\t\t<div class=\"e-con-inner\">\n\t\t\t\t<div class=\"elementor-element elementor-element-71b0756 elementor-widget elementor-widget-image\" data-id=\"71b0756\" data-element_type=\"widget\" data-widget_type=\"image.default\">\n\t\t\t\t<div class=\"elementor-widget-container\">\n\t\t\t\t\t\t\t\t\t\t\t\t\t\t\t\t<a href=\"https:\/\/paianderson.com.br\/site\">\n\t\t\t\t\t\t\t<img fetchpriority=\"high\" decoding=\"async\" width=\"612\" height=\"101\" src=\"https:\/\/paianderson.com.br\/site\/wp-content\/uploads\/2023\/12\/Logo_001.png\" class=\"attachment-full size-full wp-image-204\" alt=\"\" srcset=\"https:\/\/paianderson.com.br\/site\/wp-content\/uploads\/2023\/12\/Logo_001.png 612w, https:\/\/paianderson.com.br\/site\/wp-content\/uploads\/2023\/12\/Logo_001-300x50.png 300w\" sizes=\"(max-width: 612px) 100vw, 612px\" \/>\t\t\t\t\t\t\t\t<\/a>\n\t\t\t\t\t\t\t\t\t\t\t\t\t\t\t<\/div>\n\t\t\t\t<\/div>\n\t\t\t\t<div class=\"elementor-element elementor-element-3ef14e6 elementor-icon-list--layout-inline elementor-align-center elementor-hidden-phone elementor-widget__width-initial elementor-list-item-link-full_width elementor-widget elementor-widget-icon-list\" data-id=\"3ef14e6\" data-element_type=\"widget\" data-widget_type=\"icon-list.default\">\n\t\t\t\t<div class=\"elementor-widget-container\">\n\t\t\t\t\t\t\t<ul class=\"elementor-icon-list-items elementor-inline-items\">\n\t\t\t\t\t\t\t<li class=\"elementor-icon-list-item elementor-inline-item\">\n\t\t\t\t\t\t\t\t\t\t\t<a href=\"https:\/\/paianderson.com.br\/site\/\" target=\"_blank\">\n\n\t\t\t\t\t\t\t\t\t\t\t<span class=\"elementor-icon-list-text\">HOME<\/span>\n\t\t\t\t\t\t\t\t\t\t\t<\/a>\n\t\t\t\t\t\t\t\t\t<\/li>\n\t\t\t\t\t\t\t\t<li class=\"elementor-icon-list-item elementor-inline-item\">\n\t\t\t\t\t\t\t\t\t\t\t<a href=\"https:\/\/paianderson.com.br\/site\/casa-de-xango-e-iansa\/\" target=\"_blank\">\n\n\t\t\t\t\t\t\t\t\t\t\t<span class=\"elementor-icon-list-text\">CASA DE XANG\u00d4 E IANS\u00c3<\/span>\n\t\t\t\t\t\t\t\t\t\t\t<\/a>\n\t\t\t\t\t\t\t\t\t<\/li>\n\t\t\t\t\t\t\t\t<li class=\"elementor-icon-list-item elementor-inline-item\">\n\t\t\t\t\t\t\t\t\t\t\t<a href=\"https:\/\/paianderson.com.br\/site\/templo-de-marabo\/\" target=\"_blank\">\n\n\t\t\t\t\t\t\t\t\t\t\t<span class=\"elementor-icon-list-text\">TEMPLO DE MARAB\u00d4<\/span>\n\t\t\t\t\t\t\t\t\t\t\t<\/a>\n\t\t\t\t\t\t\t\t\t<\/li>\n\t\t\t\t\t\t\t\t<li class=\"elementor-icon-list-item elementor-inline-item\">\n\t\t\t\t\t\t\t\t\t\t\t<a href=\"https:\/\/paianderson.com.br\/site\/umbanda-raiz\/\" target=\"_blank\">\n\n\t\t\t\t\t\t\t\t\t\t\t<span class=\"elementor-icon-list-text\">umbanda raiz<\/span>\n\t\t\t\t\t\t\t\t\t\t\t<\/a>\n\t\t\t\t\t\t\t\t\t<\/li>\n\t\t\t\t\t\t\t\t<li class=\"elementor-icon-list-item elementor-inline-item\">\n\t\t\t\t\t\t\t\t\t\t\t<a href=\"https:\/\/cantodezambi.com.br\" target=\"_blank\">\n\n\t\t\t\t\t\t\t\t\t\t\t<span class=\"elementor-icon-list-text\">Nossa Loja<\/span>\n\t\t\t\t\t\t\t\t\t\t\t<\/a>\n\t\t\t\t\t\t\t\t\t<\/li>\n\t\t\t\t\t\t<\/ul>\n\t\t\t\t\t\t<\/div>\n\t\t\t\t<\/div>\n\t\t<div class=\"elementor-element elementor-element-dffa112 e-flex e-con-boxed e-con e-child\" data-id=\"dffa112\" data-element_type=\"container\">\n\t\t\t\t\t<div class=\"e-con-inner\">\n\t\t\t\t<div class=\"elementor-element elementor-element-0fd2a3d elementor-widget__width-auto elementor-hidden-mobile elementor-align-right elementor-widget elementor-widget-button\" data-id=\"0fd2a3d\" data-element_type=\"widget\" data-widget_type=\"button.default\">\n\t\t\t\t<div class=\"elementor-widget-container\">\n\t\t\t\t\t\t\t\t\t<div class=\"elementor-button-wrapper\">\n\t\t\t\t\t<a class=\"elementor-button elementor-button-link elementor-size-sm\" href=\"https:\/\/wa.me\/+5511977790955?text=Gostaria%20de%20obter%20informa%C3%A7%C3%B5es%20para%20consulta%20de%20jogos\">\n\t\t\t\t\t\t<span class=\"elementor-button-content-wrapper\">\n\t\t\t\t\t\t\t\t\t<span class=\"elementor-button-text\">CONSULTAS<\/span>\n\t\t\t\t\t<\/span>\n\t\t\t\t\t<\/a>\n\t\t\t\t<\/div>\n\t\t\t\t\t\t\t\t<\/div>\n\t\t\t\t<\/div>\n\t\t\t\t\t<\/div>\n\t\t\t\t<\/div>\n\t\t\t\t\t<\/div>\n\t\t\t\t<\/div>\n\t\t<div class=\"elementor-element elementor-element-611abed9 e-con-full e-flex e-con e-parent\" data-id=\"611abed9\" data-element_type=\"container\" data-settings=\"{&quot;background_background&quot;:&quot;classic&quot;}\">\n\t\t<div class=\"elementor-element elementor-element-45572bb0 e-con-full e-flex e-con e-child\" data-id=\"45572bb0\" data-element_type=\"container\">\n\t\t\t\t<div class=\"elementor-element elementor-element-6cb11ea8 elementor-widget elementor-widget-heading\" data-id=\"6cb11ea8\" data-element_type=\"widget\" data-widget_type=\"heading.default\">\n\t\t\t\t<div class=\"elementor-widget-container\">\n\t\t\t\t\t<h2 class=\"elementor-heading-title elementor-size-default\">Pai Anderson <\/h2>\t\t\t\t<\/div>\n\t\t\t\t<\/div>\n\t\t\t\t<div class=\"elementor-element elementor-element-7f18c173 elementor-widget elementor-widget-heading\" data-id=\"7f18c173\" data-element_type=\"widget\" data-widget_type=\"heading.default\">\n\t\t\t\t<div class=\"elementor-widget-container\">\n\t\t\t\t\t<h3 class=\"elementor-heading-title elementor-size-default\">Pai Anderson de Xang\u00f4 - Tata Kamulepambo, Fundador do Templo Casa de Marab\u00f4<\/h3>\t\t\t\t<\/div>\n\t\t\t\t<\/div>\n\t\t\t\t<div class=\"elementor-element elementor-element-5f4362ee elementor-widget elementor-widget-text-editor\" data-id=\"5f4362ee\" data-element_type=\"widget\" data-widget_type=\"text-editor.default\">\n\t\t\t\t<div class=\"elementor-widget-container\">\n\t\t\t\t\t\t\t\t\t<p>Anderson Tadeu Dorta Munhoz, casado pai de tr\u00eas filhos, iniciou sua jornada sacerdotal em meados 2017. Conhecido tamb\u00e9m como Pai Anderson de Xang\u00f4 o mesmo fora vir se iniciar no Culto Tradicional Ioruba \u00cc\u1e63\u00e8\u1e63e\/ \u1eb8\u0300s\u00ecn \u00d2r\u00ecs\u00e0 \u00ccb\u00edl\u1eb9\u0300 em 2020 para Sango. Nesse mesmo tempo se tornou Tata de Kimbanda tradi\u00e7\u00e3o Kiumbezo Kimbanda Kongo Angola, pelas m\u00e3os de Tata Bruno do Exu Morcego. Em dezembro de 2022 pelo templo Oduduwa Pai Anderson tem suas inicia\u00e7\u00f5es em Ifa, Esu e Egungun.<\/p><p>Em janeiro de 2021 Pai Anderson passa a assumir seu caminho sacerdotal perante a comunidade passando a ser Tata Kamulepambo e abre as portas do Templo de Kimbanda Casa de Marab\u00f4. Templo com sede pr\u00f3pria e com adpetos espalhados pelo Brasil e fora dele.<\/p>\t\t\t\t\t\t\t\t<\/div>\n\t\t\t\t<\/div>\n\t\t\t\t<div class=\"elementor-element elementor-element-1967f433 elementor-widget elementor-widget-image\" data-id=\"1967f433\" data-element_type=\"widget\" data-widget_type=\"image.default\">\n\t\t\t\t<div class=\"elementor-widget-container\">\n\t\t\t\t\t\t\t\t\t\t\t\t\t\t\t<img decoding=\"async\" width=\"5184\" height=\"3456\" src=\"https:\/\/paianderson.com.br\/site\/wp-content\/uploads\/2023\/12\/anderson_002.png\" class=\"attachment-full size-full wp-image-342\" alt=\"\" srcset=\"https:\/\/paianderson.com.br\/site\/wp-content\/uploads\/2023\/12\/anderson_002.png 5184w, https:\/\/paianderson.com.br\/site\/wp-content\/uploads\/2023\/12\/anderson_002-300x200.png 300w, https:\/\/paianderson.com.br\/site\/wp-content\/uploads\/2023\/12\/anderson_002-1024x683.png 1024w, https:\/\/paianderson.com.br\/site\/wp-content\/uploads\/2023\/12\/anderson_002-768x512.png 768w, https:\/\/paianderson.com.br\/site\/wp-content\/uploads\/2023\/12\/anderson_002-1536x1024.png 1536w, https:\/\/paianderson.com.br\/site\/wp-content\/uploads\/2023\/12\/anderson_002-2048x1365.png 2048w\" sizes=\"(max-width: 5184px) 100vw, 5184px\" \/>\t\t\t\t\t\t\t\t\t\t\t\t\t\t\t<\/div>\n\t\t\t\t<\/div>\n\t\t\t\t<\/div>\n\t\t<div class=\"elementor-element elementor-element-17b8279c e-con-full e-flex e-con e-child\" data-id=\"17b8279c\" data-element_type=\"container\" data-settings=\"{&quot;background_background&quot;:&quot;classic&quot;}\">\n\t\t\t\t<\/div>\n\t\t\t\t<\/div>\n\t\t<div class=\"elementor-element elementor-element-39d494b e-flex e-con-boxed e-con e-parent\" data-id=\"39d494b\" data-element_type=\"container\">\n\t\t\t\t\t<div class=\"e-con-inner\">\n\t\t<div class=\"elementor-element elementor-element-0fa6ff2 e-con-full e-flex e-con e-child\" data-id=\"0fa6ff2\" data-element_type=\"container\">\n\t\t\t\t<div class=\"elementor-element elementor-element-b4fcf70 elementor-widget elementor-widget-image\" data-id=\"b4fcf70\" data-element_type=\"widget\" data-widget_type=\"image.default\">\n\t\t\t\t<div class=\"elementor-widget-container\">\n\t\t\t\t\t\t\t\t\t\t\t\t\t\t\t\t<a href=\"https:\/\/paianderson.com.br\/site\">\n\t\t\t\t\t\t\t<img decoding=\"async\" width=\"1835\" height=\"600\" src=\"https:\/\/paianderson.com.br\/site\/wp-content\/uploads\/2023\/12\/logo-preto-02.png\" class=\"attachment-full size-full wp-image-115\" alt=\"\" srcset=\"https:\/\/paianderson.com.br\/site\/wp-content\/uploads\/2023\/12\/logo-preto-02.png 1835w, https:\/\/paianderson.com.br\/site\/wp-content\/uploads\/2023\/12\/logo-preto-02-300x98.png 300w, https:\/\/paianderson.com.br\/site\/wp-content\/uploads\/2023\/12\/logo-preto-02-1024x335.png 1024w, https:\/\/paianderson.com.br\/site\/wp-content\/uploads\/2023\/12\/logo-preto-02-768x251.png 768w, https:\/\/paianderson.com.br\/site\/wp-content\/uploads\/2023\/12\/logo-preto-02-1536x502.png 1536w\" sizes=\"(max-width: 1835px) 100vw, 1835px\" \/>\t\t\t\t\t\t\t\t<\/a>\n\t\t\t\t\t\t\t\t\t\t\t\t\t\t\t<\/div>\n\t\t\t\t<\/div>\n\t\t\t\t<div class=\"elementor-element elementor-element-58d587c elementor-widget elementor-widget-heading\" data-id=\"58d587c\" data-element_type=\"widget\" data-widget_type=\"heading.default\">\n\t\t\t\t<div class=\"elementor-widget-container\">\n\t\t\t\t\t<p class=\"elementor-heading-title elementor-size-default\">Copyright \u00a9 2023 Pai Anderson - Todos os direitos reservados<\/p>\t\t\t\t<\/div>\n\t\t\t\t<\/div>\n\t\t\t\t<\/div>\n\t\t<div class=\"elementor-element elementor-element-007753d e-con-full e-flex e-con e-child\" data-id=\"007753d\" data-element_type=\"container\">\n\t\t\t\t<div class=\"elementor-element elementor-element-26e606f elementor-widget elementor-widget-text-editor\" data-id=\"26e606f\" data-element_type=\"widget\" data-widget_type=\"text-editor.default\">\n\t\t\t\t<div class=\"elementor-widget-container\">\n\t\t\t\t\t\t\t\t\t<p><span style=\"color: #6c7c69;\"><b>Casa de Xang\u00f4 e Ians\u00e3:<\/b><\/span> <\/p><ul class=\"elementor-icon-list-items\"><li class=\"elementor-icon-list-item\"><span class=\"elementor-icon-list-text\">R. Alexandre Fernandes, 219<\/span><\/li><li class=\"elementor-icon-list-item\"><span class=\"elementor-icon-list-text\">Jardim Dona Sinha<\/span><\/li><li class=\"elementor-icon-list-item\"><span class=\"elementor-icon-list-text\">CEP: 03924-000<\/span><\/li><li class=\"elementor-icon-list-item\">(11) 93371-8813<\/li><\/ul>\t\t\t\t\t\t\t\t<\/div>\n\t\t\t\t<\/div>\n\t\t\t\t<\/div>\n\t\t<div class=\"elementor-element elementor-element-0b13345 e-con-full e-flex e-con e-child\" data-id=\"0b13345\" data-element_type=\"container\">\n\t\t\t\t<div class=\"elementor-element elementor-element-fae7d9a elementor-widget elementor-widget-text-editor\" data-id=\"fae7d9a\" data-element_type=\"widget\" data-widget_type=\"text-editor.default\">\n\t\t\t\t<div class=\"elementor-widget-container\">\n\t\t\t\t\t\t\t\t\t<p><span style=\"color: #6c7c69;\"><b>Templo de Marab\u00f4:<\/b><\/span><\/p><ul class=\"elementor-icon-list-items\"><li class=\"elementor-icon-list-item\">Rua Am\u00e9rico Ortiz, 58 &#8211; Bairro Mato Dentro &#8211; Mairipor\u00e3 &#8211; 07656-850<\/li><li class=\"elementor-icon-list-item\"><span class=\"elementor-icon-list-text\">(11) 91743-1984<\/span><\/li><\/ul>\t\t\t\t\t\t\t\t<\/div>\n\t\t\t\t<\/div>\n\t\t\t\t<\/div>\n\t\t<div class=\"elementor-element elementor-element-2e5b6db e-con-full e-flex e-con e-child\" data-id=\"2e5b6db\" data-element_type=\"container\">\n\t\t\t\t<div class=\"elementor-element elementor-element-02cf67a elementor-widget elementor-widget-text-editor\" data-id=\"02cf67a\" data-element_type=\"widget\" data-widget_type=\"text-editor.default\">\n\t\t\t\t<div class=\"elementor-widget-container\">\n\t\t\t\t\t\t\t\t\t<p><span style=\"color: #6c7c69;\"><b>Umbanda Raiz:<\/b><\/span>\u00a0<\/p><p>umbandaraizead.com.br<\/p><p>\u00a0<\/p>\t\t\t\t\t\t\t\t<\/div>\n\t\t\t\t<\/div>\n\t\t\t\t<\/div>\n\t\t<div class=\"elementor-element elementor-element-e902a78 e-con-full e-flex e-con e-child\" data-id=\"e902a78\" data-element_type=\"container\">\n\t\t\t\t<div class=\"elementor-element elementor-element-19fb1de elementor-shape-square e-grid-align-right e-grid-align-tablet-left elementor-grid-0 elementor-widget elementor-widget-social-icons\" data-id=\"19fb1de\" data-element_type=\"widget\" data-widget_type=\"social-icons.default\">\n\t\t\t\t<div class=\"elementor-widget-container\">\n\t\t\t\t\t\t\t<div class=\"elementor-social-icons-wrapper elementor-grid\" role=\"list\">\n\t\t\t\t\t\t\t<span class=\"elementor-grid-item\" role=\"listitem\">\n\t\t\t\t\t<a class=\"elementor-icon elementor-social-icon elementor-social-icon-instagram elementor-repeater-item-a6118d0\" href=\"https:\/\/www.instagram.com\/oficialandersonmunhoz\/\" target=\"_blank\">\n\t\t\t\t\t\t<span class=\"elementor-screen-only\">Instagram<\/span>\n\t\t\t\t\t\t<svg class=\"e-font-icon-svg e-fab-instagram\" viewBox=\"0 0 448 512\" xmlns=\"http:\/\/www.w3.org\/2000\/svg\"><path d=\"M224.1 141c-63.6 0-114.9 51.3-114.9 114.9s51.3 114.9 114.9 114.9S339 319.5 339 255.9 287.7 141 224.1 141zm0 189.6c-41.1 0-74.7-33.5-74.7-74.7s33.5-74.7 74.7-74.7 74.7 33.5 74.7 74.7-33.6 74.7-74.7 74.7zm146.4-194.3c0 14.9-12 26.8-26.8 26.8-14.9 0-26.8-12-26.8-26.8s12-26.8 26.8-26.8 26.8 12 26.8 26.8zm76.1 27.2c-1.7-35.9-9.9-67.7-36.2-93.9-26.2-26.2-58-34.4-93.9-36.2-37-2.1-147.9-2.1-184.9 0-35.8 1.7-67.6 9.9-93.9 36.1s-34.4 58-36.2 93.9c-2.1 37-2.1 147.9 0 184.9 1.7 35.9 9.9 67.7 36.2 93.9s58 34.4 93.9 36.2c37 2.1 147.9 2.1 184.9 0 35.9-1.7 67.7-9.9 93.9-36.2 26.2-26.2 34.4-58 36.2-93.9 2.1-37 2.1-147.8 0-184.8zM398.8 388c-7.8 19.6-22.9 34.7-42.6 42.6-29.5 11.7-99.5 9-132.1 9s-102.7 2.6-132.1-9c-19.6-7.8-34.7-22.9-42.6-42.6-11.7-29.5-9-99.5-9-132.1s-2.6-102.7 9-132.1c7.8-19.6 22.9-34.7 42.6-42.6 29.5-11.7 99.5-9 132.1-9s102.7-2.6 132.1 9c19.6 7.8 34.7 22.9 42.6 42.6 11.7 29.5 9 99.5 9 132.1s2.7 102.7-9 132.1z\"><\/path><\/svg>\t\t\t\t\t<\/a>\n\t\t\t\t<\/span>\n\t\t\t\t\t\t\t<span class=\"elementor-grid-item\" role=\"listitem\">\n\t\t\t\t\t<a class=\"elementor-icon elementor-social-icon elementor-social-icon-facebook-f elementor-repeater-item-46bf64a\" href=\"https:\/\/www.facebook.com\/casadexangoeiansa2\" target=\"_blank\">\n\t\t\t\t\t\t<span class=\"elementor-screen-only\">Facebook-f<\/span>\n\t\t\t\t\t\t<svg class=\"e-font-icon-svg e-fab-facebook-f\" viewBox=\"0 0 320 512\" xmlns=\"http:\/\/www.w3.org\/2000\/svg\"><path d=\"M279.14 288l14.22-92.66h-88.91v-60.13c0-25.35 12.42-50.06 52.24-50.06h40.42V6.26S260.43 0 225.36 0c-73.22 0-121.08 44.38-121.08 124.72v70.62H22.89V288h81.39v224h100.17V288z\"><\/path><\/svg>\t\t\t\t\t<\/a>\n\t\t\t\t<\/span>\n\t\t\t\t\t\t\t<span class=\"elementor-grid-item\" role=\"listitem\">\n\t\t\t\t\t<a class=\"elementor-icon elementor-social-icon elementor-social-icon-youtube elementor-repeater-item-c21fd04\" href=\"https:\/\/www.youtube.com\/@paiandersondexango4779\" target=\"_blank\">\n\t\t\t\t\t\t<span class=\"elementor-screen-only\">Youtube<\/span>\n\t\t\t\t\t\t<svg class=\"e-font-icon-svg e-fab-youtube\" viewBox=\"0 0 576 512\" xmlns=\"http:\/\/www.w3.org\/2000\/svg\"><path d=\"M549.655 124.083c-6.281-23.65-24.787-42.276-48.284-48.597C458.781 64 288 64 288 64S117.22 64 74.629 75.486c-23.497 6.322-42.003 24.947-48.284 48.597-11.412 42.867-11.412 132.305-11.412 132.305s0 89.438 11.412 132.305c6.281 23.65 24.787 41.5 48.284 47.821C117.22 448 288 448 288 448s170.78 0 213.371-11.486c23.497-6.321 42.003-24.171 48.284-47.821 11.412-42.867 11.412-132.305 11.412-132.305s0-89.438-11.412-132.305zm-317.51 213.508V175.185l142.739 81.205-142.739 81.201z\"><\/path><\/svg>\t\t\t\t\t<\/a>\n\t\t\t\t<\/span>\n\t\t\t\t\t\t\t<span class=\"elementor-grid-item\" role=\"listitem\">\n\t\t\t\t\t<a class=\"elementor-icon elementor-social-icon elementor-social-icon-telegram elementor-repeater-item-6a036e0\" href=\"https:\/\/t.me\/joinchat\/UyHtZhWFZ8vkkG1z9uWxKg\" target=\"_blank\">\n\t\t\t\t\t\t<span class=\"elementor-screen-only\">Telegram<\/span>\n\t\t\t\t\t\t<svg class=\"e-font-icon-svg e-fab-telegram\" viewBox=\"0 0 496 512\" xmlns=\"http:\/\/www.w3.org\/2000\/svg\"><path d=\"M248 8C111 8 0 119 0 256s111 248 248 248 248-111 248-248S385 8 248 8zm121.8 169.9l-40.7 191.8c-3 13.6-11.1 16.9-22.4 10.5l-62-45.7-29.9 28.8c-3.3 3.3-6.1 6.1-12.5 6.1l4.4-63.1 114.9-103.8c5-4.4-1.1-6.9-7.7-2.5l-142 89.4-61.2-19.1c-13.3-4.2-13.6-13.3 2.8-19.7l239.1-92.2c11.1-4 20.8 2.7 17.2 19.5z\"><\/path><\/svg>\t\t\t\t\t<\/a>\n\t\t\t\t<\/span>\n\t\t\t\t\t<\/div>\n\t\t\t\t\t\t<\/div>\n\t\t\t\t<\/div>\n\t\t\t\t<\/div>\n\t\t\t\t\t<\/div>\n\t\t\t\t<\/div>\n\t\t<div class=\"elementor-element elementor-element-1e4bfd6 e-flex e-con-boxed e-con e-parent\" data-id=\"1e4bfd6\" data-element_type=\"container\">\n\t\t\t\t\t<div class=\"e-con-inner\">\n\t\t\t\t<div class=\"elementor-element elementor-element-07d7eb7 elementor-widget elementor-widget-heading\" data-id=\"07d7eb7\" data-element_type=\"widget\" data-widget_type=\"heading.default\">\n\t\t\t\t<div class=\"elementor-widget-container\">\n\t\t\t\t\t<h2 class=\"elementor-heading-title elementor-size-default\">Desenvolvido por Daniel Cristensen<\/h2>\t\t\t\t<\/div>\n\t\t\t\t<\/div>\n\t\t\t\t\t<\/div>\n\t\t\t\t<\/div>\n\t\t\t\t<\/div>\n\t\t","protected":false},"excerpt":{"rendered":"<p>HOME CASA DE XANG\u00d4 E IANS\u00c3 TEMPLO DE MARAB\u00d4 umbanda raiz Nossa Loja CONSULTAS Pai Anderson Pai Anderson de Xang\u00f4 &#8211; Tata Kamulepambo, Fundador do Templo Casa de Marab\u00f4 Anderson Tadeu Dorta Munhoz, casado pai de tr\u00eas filhos, iniciou sua jornada sacerdotal em meados 2017. Conhecido tamb\u00e9m como Pai Anderson de Xang\u00f4 o mesmo fora [&hellip;]<\/p>\n","protected":false},"author":1,"featured_media":0,"parent":0,"menu_order":0,"comment_status":"closed","ping_status":"closed","template":"elementor_canvas","meta":{"site-sidebar-layout":"no-sidebar","site-content-layout":"","ast-site-content-layout":"full-width-container","site-content-style":"default","site-sidebar-style":"default","ast-global-header-display":"","ast-banner-title-visibility":"","ast-main-header-display":"","ast-hfb-above-header-display":"","ast-hfb-below-header-display":"","ast-hfb-mobile-header-display":"","site-post-title":"disabled","ast-breadcrumbs-content":"","ast-featured-img":"disabled","footer-sml-layout":"","ast-disable-related-posts":"","theme-transparent-header-meta":"","adv-header-id-meta":"","stick-header-meta":"","header-above-stick-meta":"","header-main-stick-meta":"","header-below-stick-meta":"","astra-migrate-meta-layouts":"default","ast-page-background-enabled":"default","ast-page-background-meta":{"desktop":{"background-color":"var(--ast-global-color-4)","background-image":"","background-repeat":"repeat","background-position":"center center","background-size":"auto","background-attachment":"scroll","background-type":"","background-media":"","overlay-type":"","overlay-color":"","overlay-opacity":"","overlay-gradient":""},"tablet":{"background-color":"","background-image":"","background-repeat":"repeat","background-position":"center center","background-size":"auto","background-attachment":"scroll","background-type":"","background-media":"","overlay-type":"","overlay-color":"","overlay-opacity":"","overlay-gradient":""},"mobile":{"background-color":"","background-image":"","background-repeat":"repeat","background-position":"center center","background-size":"auto","background-attachment":"scroll","background-type":"","background-media":"","overlay-type":"","overlay-color":"","overlay-opacity":"","overlay-gradient":""}},"ast-content-background-meta":{"desktop":{"background-color":"var(--ast-global-color-5)","background-image":"","background-repeat":"repeat","background-position":"center center","background-size":"auto","background-attachment":"scroll","background-type":"","background-media":"","overlay-type":"","overlay-color":"","overlay-opacity":"","overlay-gradient":""},"tablet":{"background-color":"var(--ast-global-color-5)","background-image":"","background-repeat":"repeat","background-position":"center center","background-size":"auto","background-attachment":"scroll","background-type":"","background-media":"","overlay-type":"","overlay-color":"","overlay-opacity":"","overlay-gradient":""},"mobile":{"background-color":"var(--ast-global-color-5)","background-image":"","background-repeat":"repeat","background-position":"center center","background-size":"auto","background-attachment":"scroll","background-type":"","background-media":"","overlay-type":"","overlay-color":"","overlay-opacity":"","overlay-gradient":""}},"footnotes":""},"class_list":["post-459","page","type-page","status-publish","hentry"],"_links":{"self":[{"href":"https:\/\/paianderson.com.br\/site\/wp-json\/wp\/v2\/pages\/459","targetHints":{"allow":["GET"]}}],"collection":[{"href":"https:\/\/paianderson.com.br\/site\/wp-json\/wp\/v2\/pages"}],"about":[{"href":"https:\/\/paianderson.com.br\/site\/wp-json\/wp\/v2\/types\/page"}],"author":[{"embeddable":true,"href":"https:\/\/paianderson.com.br\/site\/wp-json\/wp\/v2\/users\/1"}],"replies":[{"embeddable":true,"href":"https:\/\/paianderson.com.br\/site\/wp-json\/wp\/v2\/comments?post=459"}],"version-history":[{"count":44,"href":"https:\/\/paianderson.com.br\/site\/wp-json\/wp\/v2\/pages\/459\/revisions"}],"predecessor-version":[{"id":671,"href":"https:\/\/paianderson.com.br\/site\/wp-json\/wp\/v2\/pages\/459\/revisions\/671"}],"wp:attachment":[{"href":"https:\/\/paianderson.com.br\/site\/wp-json\/wp\/v2\/media?parent=459"}],"curies":[{"name":"wp","href":"https:\/\/api.w.org\/{rel}","templated":true}]}}